{"id":210,"date":"2024-04-19T13:08:53","date_gmt":"2024-04-19T13:08:53","guid":{"rendered":"https:\/\/www.3cstampa.it\/index.php\/centro-privacy\/informativa-sui-cookie\/"},"modified":"2024-04-19T13:17:39","modified_gmt":"2024-04-19T13:17:39","slug":"informativa-sui-cookie","status":"publish","type":"page","link":"https:\/\/www.3cstampa.it\/index.php\/centro-privacy\/informativa-sui-cookie\/","title":{"rendered":"Informativa sui cookie"},"content":{"rendered":"\n<p>Il sito web\u00a0<strong>www.3cstampa.it<\/strong>\u00a0utilizza\u00a0<em>cookie<\/em>\u00a0e altre tecnologie correlate (di seguito genericamente definiti \u201c<em>cookie<\/em>\u201d). La presente policy contiene le informazioni sulla tipologia e sull\u2019utilizzo dei\u00a0<em>cookie<\/em>\u00a0all\u2019interno del sito web.<\/p>\n\n\n\n<h4 class=\"wp-block-heading\"><strong>1. COSA SONO I&nbsp;<em>COOKIE<\/em>?<\/strong><\/h4>\n\n\n\n<p>I&nbsp;<em>cookie<\/em>&nbsp;sono piccoli file di testo che i siti visitati inviano ai terminali degli utenti e sono usati per eseguire autenticazioni informatiche, monitoraggio di sessioni, memorizzazione di informazioni su specifiche configurazioni, memorizzazione delle preferenze etc.<\/p>\n\n\n\n<h4 class=\"wp-block-heading\"><strong>2. I TIPI PRINCIPALI DI&nbsp;<em>COOKIE<\/em><\/strong><\/h4>\n\n\n\n<p>A seconda della provenienza, i&nbsp;<em>cookie<\/em>&nbsp;si distinguono principalmente in due categorie:<\/p>\n\n\n\n<ul class=\"wp-block-list\">\n<li><strong>cookie di prima parte,\u00a0<\/strong>ossia cookie generati e gestiti direttamente dal soggetto gestore del sito web sul quale l\u2019utente sta navigando.<\/li>\n\n\n\n<li><strong>cookie di terza parte<\/strong>, ossia cookie installati sul terminale dell\u2019utente, generati e gestiti da soggetti diversi dal gestore del sito web sul quale l\u2019utente sta navigando. Gli scopi possono essere molteplici: analisi del traffico, proposizione di annunci pubblicitari, condivisione con i social, ecc.<\/li>\n<\/ul>\n\n\n\n<p>La responsabilit\u00e0 e la gestione dei&nbsp;<em>cookie<\/em>&nbsp;di prima parte \u00e8 assunta in modo diretto dal Titolare.<\/p>\n\n\n\n<p>La responsabilit\u00e0 e la gestione dei&nbsp;<em>cookie<\/em>&nbsp;di terza parte ricade, invece, sui rispettivi Titolari (soggetti terzi), ai quali spetter\u00e0 offrire adeguati meccanismi per la raccolta e\/o revoca del consenso nelle proprie informative.<\/p>\n\n\n\n<p>In base alle finalit\u00e0 di utilizzo, i&nbsp;<em>cookie<\/em>&nbsp;possono essere ulteriormente distinti in:<\/p>\n\n\n\n<ul class=\"wp-block-list\">\n<li><strong><em>cookie<\/em><\/strong><strong>\u00a0tecnici o funzionali<\/strong>: servono a navigare pi\u00f9 agevolmente, a non ripetere determinate operazioni e sono necessari per il corretto funzionamento del sito web. Non vengono utilizzati per scopi ulteriori e sono normalmente installati direttamente dal dominio che si sta navigando.<\/li>\n\n\n\n<li><strong><em>cookie<\/em><\/strong><strong>\u00a0analytics<\/strong>: servono a monitorare da quanti utenti viene consultato il sito web, quali sono le pagine pi\u00f9 visitate, quali sono le parole chiave pi\u00f9 utilizzate e altre informazioni al solo scopo di ottimizzazione delle performance del sito stesso. I dati necessari a questa analisi sono raccolti in forma anonima.<\/li>\n\n\n\n<li><strong><em>cookie<\/em><\/strong><strong>\u00a0di profilazione<\/strong>: monitorano la navigazione dell\u2019utente in rete per creare profili sui suoi gusti, abitudini, scelte e altre preferenze. Grazie a questi\u00a0<em>cookie<\/em>\u00a0l\u2019utente potr\u00e0 ricevere messaggi pubblicitari mirati alle sue preferenze.<\/li>\n\n\n\n<li><strong><em>cookie<\/em><\/strong><strong>\u00a0di social network:<\/strong>\u00a0consentono di condividere anche con altri utenti i contenuti del sito che si sta visitando. Sono i\u00a0<em>cookie<\/em>\u00a0tipicamente utilizzati per attivare le funzioni \u201cMi piace\u201d o \u201cSegui\u201d dei social network quali, tra gli altri, Facebook e Twitter. Queste funzioni consentono ai social media di identificare i propri utenti e raccogliere informazioni anche mentre navigano su altri siti, pertanto possono essere mostrati all\u2019utente anche annunci pubblicitari personalizzati. Sono considerati cookie di terza parte.<\/li>\n<\/ul>\n\n\n\n<p>Per avere maggiori informazioni sui&nbsp;<em>cookie<\/em>&nbsp;di terza parte (gestione, settaggio e disattivazione dei&nbsp;<em>cookie<\/em>&nbsp;utilizzati per il trattamento dei dati personali), si invita l\u2019utente a leggere le rispettive privacy e cookie policy, presenti nelle pagine web di propriet\u00e0 dei Titolari terzi.<\/p>\n\n\n\n<h4 class=\"wp-block-heading\"><strong>3. I&nbsp;<em>COOKIE<\/em>&nbsp;UTILIZZATI DA QUESTO SITO WEB<\/strong><\/h4>\n\n\n\n<p>Questo sito web utilizza&nbsp;<em>cookie<\/em>&nbsp;per salvare la sessione dell\u2019utente e per svolgere altre attivit\u00e0 strettamente necessarie al corretto funzionamento dello stesso, ad esempio in relazione alla distribuzione del traffico. Inoltre vengono utilizzati&nbsp;<em>cookie<\/em>&nbsp;per salvare le preferenze di navigazione ed ottimizzare l\u2019esperienza di navigazione dell\u2019utente, consentendo di fruire dei servizi offerti.<\/p>\n\n\n\n<p>Cookie strettamente necessari<\/p>\n\n\n\n<figure class=\"wp-block-table\"><table><tbody><tr><td><strong>Nome del Cookie<\/strong><\/td><td><strong>Scadenza<\/strong><\/td><td><strong>Funzione<\/strong><\/td><td><strong>Tipologia<\/strong><\/td><td><strong>Categoria<\/strong><\/td><\/tr><tr><td>wordpress_gdpr_allowed_services<\/td><td>180gg<\/td><td>accettazione cookie<\/td><td>WordPress<\/td><td>necessario<\/td><\/tr><tr><td>wordpress_gdpr_cookies_allowed<\/td><td>180gg<\/td><td>accettazione cookie<\/td><td>WordPress<\/td><td>necessario<\/td><\/tr><tr><td>wordpress_gdpr_cookies_declined<\/td><td>180gg<\/td><td>accettazione cookie<\/td><td>WordPress<\/td><td>necessario<\/td><\/tr><tr><td>wordpress_test_cookie<\/td><td>sessione<\/td><td>funzionalit\u00e0 di base<\/td><td>WordPress<\/td><td>necessario<\/td><\/tr><tr><td>wp_lang<\/td><td>sessione<\/td><td>funzionalit\u00e0 di base<\/td><td>WordPress<\/td><td>necessario<\/td><\/tr><\/tbody><\/table><\/figure>\n\n\n\n<h4 class=\"wp-block-heading\"><strong>4. GOOGLE ANALYTICS<\/strong><\/h4>\n\n\n\n<p>Google Analytics \u00e8 un servizio di Web Analytics fornito da Google Inc. Il Titolare utilizza Analytics nelle sue impostazioni base e quindi con il solo scopo di monitorare il flusso di visitatori in maniera anonima e alcuni dati sull\u2019utilizzo delle sezioni interne al sito. Queste informazioni vengono restituite da Google sotto forma di report utili per migliorare e ottimizzare le performance del sito web.<\/p>\n\n\n\n<p>Google non associa l\u2019indirizzo IP dell\u2019utente a nessun altro dato posseduto da Google, n\u00e9 cerca di combinare un indirizzo IP con l\u2019identit\u00e0 di un utente. Google pu\u00f2 anche trasferire queste informazioni a terzi ove ci\u00f2 sia imposto dalla legge o laddove tali terzi trattino le suddette informazioni per conto di Google.<\/p>\n\n\n\n<p>Se si desiderasse essere esclusi dall\u2019analisi dei&nbsp;<em>cookie<\/em>&nbsp;Google Analytics si prega di scaricare l\u2019apposita estensione fornita da Google e valida per i maggiori browser dal seguente link:&nbsp;<a href=\"https:\/\/tools.google.com\/dlpage\/gaoptout?hl=it\" target=\"_blank\" rel=\"noreferrer noopener\">https:\/\/tools.google.com\/dlpage\/gaoptout?hl=it<\/a><\/p>\n\n\n\n<h4 class=\"wp-block-heading\"><strong>5. COME DISABILITARE I&nbsp;<em>COOKIE<\/em><\/strong><\/h4>\n\n\n\n<p>\u00c8 possibile configurare il browser utilizzato per la navigazione per eliminare o per impedire l\u2019installazione di&nbsp;<em>cookie<\/em>. L\u2019utente pu\u00f2 controllare quali&nbsp;<em>cookie<\/em>&nbsp;sono istallati, qual \u00e8 la loro durata e, eventualmente, eliminarli. Si riportano di seguito i link dei browser pi\u00f9 diffusi:<\/p>\n\n\n\n<ul class=\"wp-block-list\">\n<li>Google Chrome (<a href=\"https:\/\/support.google.com\/chrome\/answer\/95464?hl=it\" target=\"_blank\" rel=\"noreferrer noopener\">https:\/\/support.google.com\/chrome\/answer\/95464?hl=it<\/a>)<\/li>\n\n\n\n<li>Microsoft Internet Explorer (<a href=\"http:\/\/windows.microsoft.com\/it-it\/internet-explorer\/products\/ie-9\/features\/in-private\" target=\"_blank\" rel=\"noreferrer noopener\">http:\/\/windows.microsoft.com\/it-it\/internet-explorer\/products\/ie-9\/features\/in-private<\/a>)<\/li>\n\n\n\n<li>Mozilla Firefox (<a href=\"https:\/\/support.mozilla.org\/it\/kb\/Navigazione%20anonima\" target=\"_blank\" rel=\"noreferrer noopener\">https:\/\/support.mozilla.org\/it\/kb\/Navigazione%20anonima<\/a>)<\/li>\n\n\n\n<li>Opera (<a href=\"http:\/\/help.opera.com\/opera\/Windows\/1781\/it\/private.html#privateWindow\" target=\"_blank\" rel=\"noreferrer noopener\">http:\/\/help.opera.com\/opera\/Windows\/1781\/it\/private.html#privateWindow<\/a>)<\/li>\n\n\n\n<li>Apple Safari (<a href=\"https:\/\/support.apple.com\/it-it\/HT6074\" target=\"_blank\" rel=\"noreferrer noopener\">https:\/\/support.apple.com\/it-it\/HT6074<\/a>)<\/li>\n<\/ul>\n\n\n\n<p>\u00c8 importante notare che disabilitando tutti i&nbsp;<em>cookie<\/em>, il funzionamento di questo sito potrebbe essere compromesso.<\/p>\n","protected":false},"excerpt":{"rendered":"<p>Il sito web\u00a0www.3cstampa.it\u00a0utilizza\u00a0cookie\u00a0e altre tecnologie correlate (di seguito genericamente definiti \u201ccookie\u201d). La presente policy contiene le informazioni sulla tipologia e sull\u2019utilizzo dei\u00a0cookie\u00a0all\u2019interno del sito web. 1. COSA SONO I&nbsp;COOKIE? I&nbsp;cookie&nbsp;sono piccoli file di testo che i siti visitati inviano ai terminali degli utenti e sono usati per eseguire autenticazioni informatiche, monitoraggio di sessioni, memorizzazione di [&hellip;]<\/p>\n","protected":false},"author":2,"featured_media":0,"parent":208,"menu_order":0,"comment_status":"closed","ping_status":"closed","template":"","meta":{"footnotes":""},"class_list":["post-210","page","type-page","status-publish","hentry"],"_links":{"self":[{"href":"https:\/\/www.3cstampa.it\/index.php\/wp-json\/wp\/v2\/pages\/210","targetHints":{"allow":["GET"]}}],"collection":[{"href":"https:\/\/www.3cstampa.it\/index.php\/wp-json\/wp\/v2\/pages"}],"about":[{"href":"https:\/\/www.3cstampa.it\/index.php\/wp-json\/wp\/v2\/types\/page"}],"author":[{"embeddable":true,"href":"https:\/\/www.3cstampa.it\/index.php\/wp-json\/wp\/v2\/users\/2"}],"replies":[{"embeddable":true,"href":"https:\/\/www.3cstampa.it\/index.php\/wp-json\/wp\/v2\/comments?post=210"}],"version-history":[{"count":1,"href":"https:\/\/www.3cstampa.it\/index.php\/wp-json\/wp\/v2\/pages\/210\/revisions"}],"predecessor-version":[{"id":221,"href":"https:\/\/www.3cstampa.it\/index.php\/wp-json\/wp\/v2\/pages\/210\/revisions\/221"}],"up":[{"embeddable":true,"href":"https:\/\/www.3cstampa.it\/index.php\/wp-json\/wp\/v2\/pages\/208"}],"wp:attachment":[{"href":"https:\/\/www.3cstampa.it\/index.php\/wp-json\/wp\/v2\/media?parent=210"}],"curies":[{"name":"wp","href":"https:\/\/api.w.org\/{rel}","templated":true}]}}