{"id":213,"date":"2024-04-19T13:08:53","date_gmt":"2024-04-19T13:08:53","guid":{"rendered":"https:\/\/www.3cstampa.it\/index.php\/centro-privacy\/disclaimer\/"},"modified":"2024-04-19T13:25:55","modified_gmt":"2024-04-19T13:25:55","slug":"disclaimer","status":"publish","type":"page","link":"https:\/\/www.3cstampa.it\/index.php\/centro-privacy\/disclaimer\/","title":{"rendered":"Disclaimer per copyright"},"content":{"rendered":"\n<h3 class=\"wp-block-heading\"><strong>Linee Guida Generali Sulla Tutela Dei Diritti Di Propriet\u00e0 Intellettuale E Industriale Sul Sito<\/strong><\/h3>\n\n\n\n<p><strong>Sito web www.3cstampa.it<\/strong><\/p>\n\n\n\n<p>Tutti i contenuti di questo sito web sono propriet\u00e0 esclusiva e riservata del titolare &nbsp;e\/o dei suoi aventi causa e\/o di terzi soggetti ove indicati, e sono protetti dalle vigenti norme nazionali ed internazionali in materia di tutela dei diritti di Propriet\u00e0 Intellettuale e\/o Industriale.<\/p>\n\n\n\n<p>Con la dizione \u201cSito\u201d si intende fare riferimento ad ogni contenuto ed elemento tecnico-informatico a base del Sito medesimo, ivi compresi, a titolo esemplificativo e non esaustivo, i software che ne consentono l\u2019operativit\u00e0 ed i relativi codici, le banche dati elettroniche, i testi, le fotografie, le animazioni, i file audio e video indipendentemente dal formato, le riproduzioni di marchi, logo, etc le soluzioni tecniche adottate, le realizzazioni grafiche, la struttura ed ogni altra parte gi\u00e0 realizzata o da realizzare.<\/p>\n\n\n\n<p>Con la dizione \u201cDiritti di Propriet\u00e0 Intellettuale e Industriale\u201d relativi al Sito si intende fare riferimento al complesso dei diritti riconosciuti e tutelati dalle vigenti normative nazionali ed internazionali, tra cui \u2013 a titolo esemplificativo e non esaustivo, relativamente a tutti gli Stati del mondo e senza alcun termine \u2013 ogni diritto discendente da brevetti (ivi compreso il diritto di deposito della relativa domanda), diritti d\u2019autore presenti o futuri, marchi d\u2019impresa e\/o di servizio (sia registrato che utilizzato in via di fatto dal Titolare), brand, nomi commerciali, ditte, know-how, nomi a dominio, banche di dati e tutte le relative applicazioni.<\/p>\n\n\n\n<p>Con la dizione \u201cMateriali\u201d si intende fare riferimento ad ogni contenuto del Sito rappresentato \u2013 a titolo esemplificativo e non esaustivo \u2013 da testi, immagini, realizzazioni grafiche, files, software di ogni tipo, materiali audio, video, animazioni virtuali, elementi multimediali e\/o ipertestuali, indipendentemente dai formati, dai supporti che li contengono, dall\u2019estensione (a titolo esemplificativo e non esaustivo: mp3, wav, jpg, mpeg, gif, doc, etc), dalla dimensione, dalle versioni in uso, dalle tecniche utilizzate per la loro distribuzione e\/o trasmissione.<\/p>\n\n\n\n<p>I Materiali pubblicati sul Sito non potranno essere utilizzati senza avere ottenuto una previa autorizzazione scritta da parte del Titolare e\/o dagli aventi diritto che se ne riservano espressamente ogni forma di riproduzione ed utilizzo e \u2013 ove non irragionevolmente negata tale autorizzazione per iscritto \u2013 dovranno comunque:<\/p>\n\n\n\n<ol class=\"wp-block-list\">\n<li>rimanere nel loro formato originale e, qualora riprodotti, dovranno sempre recare le indicazioni proprietarie o relative al copyright o agli autori;<\/li>\n\n\n\n<li>non comportare l\u2019utilizzo, a qualsiasi titolo e per qualsiasi finalit\u00e0, a scopo di lucro;<\/li>\n\n\n\n<li>citare la fonte, l\u2019autore e\/o titolare dei diritti sui Materiali e l\u2019indirizzo web da cui sono stati tratti;<\/li>\n<\/ol>\n\n\n\n<p>L\u2019utilizzo in qualsiasi modo ed a qualsiasi titolo di Materiali rappresentati da testi legali (es: informative, condizioni contrattuali, etc) pubblicati on line sul Sito \u00e8 strettamente vietato. Ogni violazione sar\u00e0 perseguita a norma di legge. Per l\u2019inserimento dei materiali pubblicati sul Sito collezioni e\/o antologie \u2013 anche digitali \u2013 &nbsp;\u00e8 necessario richiedere l\u2019autorizzazione scritta del Titolare.<\/p>\n\n\n\n<h3 class=\"wp-block-heading\"><strong>Riproduzione Di Articoli, Notizie Giornalistiche E Rassegne Stampa<\/strong><\/h3>\n\n\n\n<p>La riproduzione e l\u2019utilizzo degli articoli contenuti nella sezione \u201cNotizie\u201d del Sito dovr\u00e0 essere conforme a quanto previsto dagli articoli 65 e 101 della Legge 22 Aprile 1941, n. 633 e successive modifiche ed integrazioni, che prevedono: (art. 65) \u201c&nbsp;<em>gli articoli di attualit\u00e0 di carattere economico, politico o religioso, pubblicati nelle riviste o nei giornali, oppure radiodiffusi o messi a disposizione del pubblico, e gli altri materiali dello stesso carattere possono essere liberamente riprodotti o comunicati al pubblico in altre riviste o giornali, anche radiotelevisivi, se la riproduzione o l\u2019utilizzazione non \u00e8 stata espressamente riservata, purch\u00e9 si indichino la fonte da cui sono tratti, la data e il nome dell\u2019autore, se riportato<\/em>&nbsp;\u201d; (art. 101) \u201c&nbsp;<em>la riproduzione di informazioni e notizie \u00e8 lecita purch\u00e9 non sia effettuata con l\u2019impiego di atti contrari agli usi onesti in materia giornalistica e purch\u00e9 se ne citi la fonte<\/em>. \u201d<\/p>\n\n\n\n<h3 class=\"wp-block-heading\"><strong>Banche Dati Elettroniche<\/strong><\/h3>\n\n\n\n<p>Ogni diritto sulle banche dati elettroniche eventualmente presenti e consultabili sul Sito \u00e8 riservato. E\u2019 vietata, ove non diversamente previsto, l\u2019estrazione, la riproduzione e ogni altro utilizzo, nei limiti di quanto previsto dagli articolo 64-<em>quinquies&nbsp;<\/em>e 64-<em>sexies<\/em>&nbsp;della Legge 22 Aprile 1941, n. 633 e successive modifiche ed integrazioni. Sul punto, si ricorda che ai sensi dell\u2019articolo 102-<em>ter<\/em>&nbsp;della citata legge, l\u2019utente legittimo della banca di dati elettronica messa a disposizione del pubblico non pu\u00f2 arrecare pregiudizio al titolare del diritto d\u2019autore o di un altro diritto connesso relativo ad opere o prestazioni contenute in tale banca. Inoltre, l\u2019utente legittimo di una banca di dati messa in qualsiasi modo a disposizione del pubblico non pu\u00f2 eseguire operazioni che siano in contrasto con la normale gestione della banca di dati o che arrechino un ingiustificato pregiudizio al costitutore della banca di dati. Non sono soggette all\u2019autorizzazione del costitutore della banca di dati messa per qualsiasi motivo a disposizione del pubblico le attivit\u00e0 di estrazione o reimpiego di parti non sostanziali, valutate in termini qualitativi e quantitativi, del contenuto della banca di dati per qualsivoglia fine effettuate dall\u2019utente legittimo.<\/p>\n\n\n\n<h3 class=\"wp-block-heading\"><strong>Marchi, Nomi A Dominio E Altri Segni Distintivi<\/strong><\/h3>\n\n\n\n<p>I marchi, i nomi commerciali, i logotipi, i nomi a dominio e qualsiasi altro segno distintivo cos\u00ec come tutti i contenuti, i testi, le immagini, i software riportati su questo sito, le combinazioni di colori, la selezione della struttura, la gestione e la presentazione dei suoi contenuti sono propriet\u00e0 esclusiva del titolare e\/o dei suoi partners o danti causa o aventi causa.<\/p>\n\n\n\n<p>Essi non possono essere utilizzati \u2013 per qualsiasi fine \u2013 senza il preventivo consenso scritto. I segni distintivi qui pubblicati non possono essere utilizzati come indirizzi Internet e\/o nomi a dominio per altri siti web, o quali parti di tali indirizzi e nomi a dominio, senza il preventivo consenso scritto.<\/p>\n\n\n\n<p>Tutti i diritti di propriet\u00e0 intellettuale e industriale cos\u00ec come previsti dalle normative nazionali e internazionali di settore sono espressamente riservati ai titolari. In caso di violazione, gli autori saranno perseguiti a norma di legge.<\/p>\n\n\n\n<h3 class=\"wp-block-heading\"><strong>Varie<\/strong><\/h3>\n\n\n\n<p>Per qualsiasi chiarimento in ordine all\u2019utilizzo dei Materiali disponibili sul Sito e\/o in merito al regime dei Diritti di Propriet\u00e0 Intellettuale e Industriale, \u00e8 possibile contattare il responsabile\u00a0<strong>Cartotecnica Crotti S.N.C. di Paola Crotti &amp; C.<\/strong> <strong>all\u2019indirizzo info@3cstampa.it.\u00a0<\/strong><\/p>\n\n\n\n<p>I Materiali pubblicati nel Sito sono stati attentamente vagliati e analizzati, e sono stati elaborati con la massima cura. In ogni caso errori, inesattezze e omissioni sono possibili. Ad esclusione di servizi legali professionali forniti on-line, il Titolare non potr\u00e0 essere ritenuto responsabile \u2013 con riferimento ai Materiali liberamente consultabili sul Sito \u2013 per errori ed omissioni n\u00e9 per qualsiasi affidamento che l\u2019utente faccia circa i Materiali.<\/p>\n\n\n\n<p>Ove non diversamente previsto, le informazioni contenute nei Materiali hanno carattere esclusivamente informativo e di aggiornamento e non hanno carattere esaustivo, n\u00e9 possono essere intese come espressione di un parere o di una indicazione o presupposto al fine di adottare decisioni. Il Titolare non potr\u00e0 essere considerato responsabile per qualsiasi azione od omissione posta in essere dagli utenti a seguito dell\u2019uso delle informazioni contenute nei Materiali senza aver richiesto preventivamente al Titolare uno specifico approfondimento o parere in merito.<\/p>\n\n\n\n<p>L\u2019utente si impegna a rispettare scrupolosamente le condizioni di utilizzo dei Materiali fruibili sul Sito ed a rispettare tutti i Diritti di Propriet\u00e0 Intellettuale e Industriale ad essi relativi. L\u2019utente risponder\u00e0 in proprio di tutti gli eventuali atti illeciti o lesivi ad esso imputabili, conferendo altres\u00ec la pi\u00f9 ampia manleva al Titolare nel caso il comportamento in violazione delle normative nazionali e\/o internazionali a tutela della Propriet\u00e0 Intellettuale e\/o Industriale \u2013 quivi integralmente richiamate ed applicabili per quanto non espressamente previsto \u2013 leda diritti di terzi soggetti in genere.<\/p>\n","protected":false},"excerpt":{"rendered":"<p>Linee Guida Generali Sulla Tutela Dei Diritti Di Propriet\u00e0 Intellettuale E Industriale Sul Sito Sito web www.3cstampa.it Tutti i contenuti di questo sito web sono propriet\u00e0 esclusiva e riservata del titolare &nbsp;e\/o dei suoi aventi causa e\/o di terzi soggetti ove indicati, e sono protetti dalle vigenti norme nazionali ed internazionali in materia di tutela [&hellip;]<\/p>\n","protected":false},"author":2,"featured_media":0,"parent":208,"menu_order":0,"comment_status":"closed","ping_status":"closed","template":"","meta":{"footnotes":""},"class_list":["post-213","page","type-page","status-publish","hentry"],"_links":{"self":[{"href":"https:\/\/www.3cstampa.it\/index.php\/wp-json\/wp\/v2\/pages\/213","targetHints":{"allow":["GET"]}}],"collection":[{"href":"https:\/\/www.3cstampa.it\/index.php\/wp-json\/wp\/v2\/pages"}],"about":[{"href":"https:\/\/www.3cstampa.it\/index.php\/wp-json\/wp\/v2\/types\/page"}],"author":[{"embeddable":true,"href":"https:\/\/www.3cstampa.it\/index.php\/wp-json\/wp\/v2\/users\/2"}],"replies":[{"embeddable":true,"href":"https:\/\/www.3cstampa.it\/index.php\/wp-json\/wp\/v2\/comments?post=213"}],"version-history":[{"count":2,"href":"https:\/\/www.3cstampa.it\/index.php\/wp-json\/wp\/v2\/pages\/213\/revisions"}],"predecessor-version":[{"id":223,"href":"https:\/\/www.3cstampa.it\/index.php\/wp-json\/wp\/v2\/pages\/213\/revisions\/223"}],"up":[{"embeddable":true,"href":"https:\/\/www.3cstampa.it\/index.php\/wp-json\/wp\/v2\/pages\/208"}],"wp:attachment":[{"href":"https:\/\/www.3cstampa.it\/index.php\/wp-json\/wp\/v2\/media?parent=213"}],"curies":[{"name":"wp","href":"https:\/\/api.w.org\/{rel}","templated":true}]}}